 and 41.
41
Calculate the greatest common divisor of 239 and 292297.
239
Calculate the highest common factor of 1792 and 105.
7
Calculate the greatest common divisor of 247 and 26377.
13
What is the highest common divisor of 17307 and 18?
9
What is the greatest common factor of 47894 and 3542?
154
Calculate the highest common factor of 5654 and 32896.
514
Calculate the highest common factor of 129 and 6664054.
43
Calculate the greatest common divisor of 40335 and 15.
15
Calculate the highest common divisor of 365 and 16717.
73
Calculate the highest common divisor of 4824 and 72963.
603
Calculate the highest common divisor of 230 and 51934.
46
Calculate the highest common divisor of 11797 and 141.
47
Calculate the highest common factor of 51669 and 9.
9
What is the greatest common divisor of 62086 and 1369?
37
Calculate the highest common factor of 136 and 1448.
8
Calculate the greatest common divisor of 98053 and 31.
31
Calculate the greatest common divisor of 526194 and 2214.
738
Calculate the greatest common factor of 3150 and 9950.
50
Calculate the greatest common divisor of 22540 and 35084.
196
Calculate the highest common factor of 75 and 46225.
25
What is the highest common factor of 53532 and 144?
36
Calculate the greatest common divisor of 1506 and 450.
6
Calculate the highest common divisor of 20610 and 144.
18
Calculate the highest common divisor of 7756 and 224.
28
What is the greatest common divisor of 195425 and 100?
25
Calculate the highest common divisor of 135225 and 3250.
25
What is the greatest common factor of 627716 and 184?
92
What is the highest common factor of 7280 and 1430?
130
What is the highest common divisor of 86142 and 15822?
1758
Calculate the greatest common divisor of 95095 and 65.
65
Calculate the greatest common factor of 120 and 41840.
40
Calculate the highest common factor of 96150 and 90.
30
Calculate the greatest common factor of 1560 and 7020.
780
What is the greatest common divisor of 4433 and 50375?
403
Calculate the greatest common divisor of 70 and 10050.
10
Calculate the highest common divisor of 216979 and 10703.
973
Calculate the highest common factor of 1367 and 842072.
1367
What is the highest common factor of 12936 and 70168?
392
Calculate the highest common factor of 430829 and 7.
7
What is the highest common factor of 48 and 165?
3
Calculate the highest common divisor of 4 and 109.
1
Calculate the greatest common divisor of 72080 and 1445.
85
Calculate the greatest common divisor of 36 and 31068.
36
Calculate the greatest common divisor of 2262 and 16224.
78
What is the highest common factor of 450 and 9425?
25
Calculate the highest common divisor of 17 and 90661.
17
Calculate the greatest common divisor of 402 and 615462.
402
Calculate the highest common divisor of 224670 and 240.
30
Calculate the greatest common divisor of 351 and 66987.
27
Calculate the greatest common factor of 97314 and 784.
98
Calculate the greatest common factor of 424762 and 221.
221
Calculate the greatest common factor of 24 and 850536.
24
What is the greatest common divisor of 343890 and 90?
90
What is the greatest common factor of 4592 and 5264?
112
Calculate the greatest common divisor of 58 and 1571858.
58
What is the highest common factor of 4437 and 41004?
153
What is the greatest common divisor of 441 and 56700?
63
Calculate the greatest common divisor of 135 and 5323.
1
What is the highest common factor of 266618 and 132?
22
Calculate the highest common divisor of 990 and 37290.
330
Calculate the greatest common divisor of 11692 and 474.
158
What is the greatest common factor of 174792 and 24?
24
What is the greatest common factor of 1552 and 12125?
97
What is the greatest common divisor of 19088 and 72?
8
Calculate the highest common factor of 430 and 10664.
86
What is the highest common factor of 9 and 32232?
3
What is the greatest common divisor of 1225 and 547050?
175
What is the greatest common divisor of 60 and 179405?
5
What is the greatest common divisor of 945 and 1845?
45
What is the greatest common divisor of 1296 and 102744?
72
Calculate the highest common factor of 47 and 10951.
47
Calculate the highest common divisor of 522 and 429282.
18
What is the highest common divisor of 813441 and 69?
69
Calculate the highest common factor of 308 and 185284.
44
What is the highest common divisor of 7872 and 18450?
246
Calculate the highest common divisor of 123634 and 700.
14
What is the greatest common factor of 2196 and 171684?
36
What is the highest common divisor of 2625 and 100975?
175
Calculate the highest common factor of 1449 and 116403.
483
Calculate the greatest common factor of 286653 and 57.
57
What is the greatest common factor of 7168 and 12992?
448
What is the highest common divisor of 52 and 715364?
52
Calculate the greatest common divisor of 36561 and 567.
21
What is the greatest common divisor of 121979 and 871?
13
Calculate the highest common factor of 52143 and 3.
3
What is the highest common divisor of 172 and 3600?
4
Calculate the greatest common divisor of 1248 and 5088.
96
Calculate the highest common factor of 21906 and 18.
18
Calculate the greatest common divisor of 171 and 548226.
171
Calculate the highest common factor of 503964 and 126.
18
Calculate the highest common factor of 208 and 36688.
16
Calculate the greatest common divisor of 29877 and 460.
23
Calculate the greatest common divisor of 7 and 12929.
7
What is the highest common factor of 259 and 256?
1
Calculate the highest common divisor of 5029 and 940.
47
Calculate the highest common factor of 378 and 7398.
54
What is the highest common divisor of 230452 and 68?
68
What is the greatest common factor of 24013 and 814?
407
Calculate the highest common divisor of 132 and 5489.
11
What is the greatest common divisor of 34200 and 3648?
456
What is the highest common divisor of 165549 and 1251?
417
Calculate the highest common factor of 6 and 54864.
6
What is the greatest common factor of 513 and 2241?
27
Calculate the greatest common factor of 95 and 37601.
19
Calculate the greatest common factor of 14039 and 1529.
139
Calculate the greatest common factor of 133200 and 250.
50
Calculate the greatest common factor of 352548 and 252.
252
Calculate the greatest common divisor of 8 and 101428.
4
What is the greatest common factor of 5264 and 1148?
28
What is the greatest common factor of 26499 and 116289?
219
What is the highest common factor of 140 and 15540?
140
Calculate the highest common factor of 368 and 309028.
92
What is the greatest common divisor of 593076 and 660?
132
What is the greatest common factor of 2475 and 5049?
99
Calculate the greatest common factor of 24411 and 2781.
309
Calculate the greatest common factor of 364 and 28847.
91
Calculate the highest common factor of 4009 and 21311.
211
Calculate the greatest common factor of 2408 and 120056.
344
Calculate the greatest common factor of 291040 and 3210.
1070
What is the highest common divisor of 1876 and 28877?
67
Calculate the greatest common divisor of 21411 and 305.
61
What is the greatest common factor of 2139 and 677133?
93
Calculate the greatest common divisor of 133 and 7203.
7
What is the greatest common factor of 2187 and 15849?
27
What is the highest common factor of 34 and 564757?
17
What is the highest common factor of 76508 and 93?
31
What is the highest common divisor of 515765 and 725?
145
Calculate the greatest common factor of 360 and 320688.
72
What is the greatest common divisor of 716 and 31?
1
Calculate the greatest common factor of 84 and 62433.
21
What is the highest common factor of 3465 and 4895?
55
What is the greatest common factor of 3381 and 45241?
161
What is the greatest common factor of 539 and 1385230?
539
Calculate the greatest common factor of 352561 and 11.
11
Calculate the greatest common factor of 84 and 79464.
84
What is the greatest common divisor of 320622 and 6?
6
What is the highest common factor of 180 and 8955?
45
Calculate the greatest common factor of 11728 and 464.
16
What is the highest common divisor of 1141473 and 118?
59
Calculate the greatest common factor of 45 and 25299.
9
Calculate the highest common factor of 1723552 and 32.
32
Calculate the highest common divisor of 294 and 5040875.
49
Calculat